[INFO] cloning repository https://github.com/matterinc/plasma_winter
[INFO] running `Command { std: "git" "-c" "credential.helper=" "-c" "credential.helper=/workspace/cargo-home/bin/git-credential-null" "clone" "--bare" "https://github.com/matterinc/plasma_winter" "/workspace/cache/git-repos/https%3A%2F%2Fgithub.com%2Fmatterinc%2Fplasma_winter", kill_on_drop: false }`
[INFO] [stderr] Cloning into bare repository '/workspace/cache/git-repos/https%3A%2F%2Fgithub.com%2Fmatterinc%2Fplasma_winter'...
[INFO] running `Command { std: "git" "rev-parse" "HEAD", kill_on_drop: false }`
[INFO] [stdout] 923297a9ac6bae1a2923b36354686ed5b824949e
[INFO] checking matterinc/plasma_winter against master#cfbc6d4cf1acbac5c025acf8ed68929caa551df3 for pr-75494-beta
[INFO] running `Command { std: "git" "clone" "/workspace/cache/git-repos/https%3A%2F%2Fgithub.com%2Fmatterinc%2Fplasma_winter" "/workspace/builds/worker-11/source", kill_on_drop: false }`
[INFO] [stderr] Cloning into '/workspace/builds/worker-11/source'...
[INFO] [stderr] done.
[INFO] validating manifest of git repo https://github.com/matterinc/plasma_winter on toolchain cfbc6d4cf1acbac5c025acf8ed68929caa551df3
[INFO] running `Command { std: "/workspace/cargo-home/bin/cargo" "+cfbc6d4cf1acbac5c025acf8ed68929caa551df3" "read-manifest" "--manifest-path" "Cargo.toml", kill_on_drop: false }`
[INFO] started tweaking git repo https://github.com/matterinc/plasma_winter
[INFO] finished tweaking git repo https://github.com/matterinc/plasma_winter
[INFO] tweaked toml for git repo https://github.com/matterinc/plasma_winter written to /workspace/builds/worker-11/source/Cargo.toml
[INFO] crate git repo https://github.com/matterinc/plasma_winter already has a lockfile, it will not be regenerated
[INFO] running `Command { std: "/workspace/cargo-home/bin/cargo" "+cfbc6d4cf1acbac5c025acf8ed68929caa551df3" "fetch" "--locked" "--manifest-path" "Cargo.toml", kill_on_drop: false }`
[INFO] [stderr]     Updating git repository `https://github.com/matterinc/bellman`
[INFO] [stderr]     Updating git repository `https://github.com/matterinc/pairing`
[INFO] [stderr]     Updating git repository `https://github.com/matterinc/sapling-crypto`
[INFO] [stderr]     Updating git repository `https://github.com/gtank/blake2-rfc`
[INFO] [stderr]     Blocking waiting for file lock on package cache
[INFO] [stderr]  Downloading crates ...
[INFO] [stderr]   Downloaded serde v1.0.81
[INFO] [stderr]   Downloaded actix v0.7.8
[INFO] [stderr]   Downloaded ff_derive v0.3.0
[INFO] [stderr]   Downloaded elastic-array v0.10.0
[INFO] [stderr]   Downloaded num-bigint v0.2.1
[INFO] [stderr]   Downloaded ff v0.4.0
[INFO] [stderr]   Downloaded serde_derive v1.0.81
[INFO] [stderr]   Downloaded secp256k1 v0.11.5
[INFO] [stderr]   Downloaded rlp v0.2.4
[INFO] [stderr]   Downloaded rlp v0.3.0
[INFO] [stderr]   Downloaded ethereum-tx-sign v0.0.2
[INFO] [stderr]   Downloaded crossbeam-channel v0.3.2
[INFO] [stderr]   Downloaded actix-web v0.7.15
[INFO] running `Command { std: "docker" "create" "-v" "/var/lib/crater-agent-workspace/builds/worker-11/target:/opt/rustwide/target:rw,Z" "-v" "/var/lib/crater-agent-workspace/builds/worker-11/source:/opt/rustwide/workdir:ro,Z" "-v" "/var/lib/crater-agent-workspace/cargo-home:/opt/rustwide/cargo-home:ro,Z" "-v" "/var/lib/crater-agent-workspace/rustup-home:/opt/rustwide/rustup-home:ro,Z" "-e" "SOURCE_DIR=/opt/rustwide/workdir" "-e" "CARGO_TARGET_DIR=/opt/rustwide/target" "-e" "CARGO_HOME=/opt/rustwide/cargo-home" "-e" "RUSTUP_HOME=/opt/rustwide/rustup-home" "-w" "/opt/rustwide/workdir" "-m" "1610612736" "--user" "0:0" "--network" "none" "rustops/crates-build-env@sha256:a636fd89d022f18117e1dc8fb37a0a009933cdbbe082814857f0e2024962d47c" "/opt/rustwide/cargo-home/bin/cargo" "+cfbc6d4cf1acbac5c025acf8ed68929caa551df3" "metadata" "--no-deps" "--format-version=1", kill_on_drop: false }`
[INFO] [stdout] 83c31c8c5d4ab6ae9e7e6f1ecc102e6b6c3c1f8750c04cac638832c1ed665b2b
[INFO] [stderr] WARNING: Your kernel does not support swap limit capabilities or the cgroup is not mounted. Memory limited without swap.
[INFO] running `Command { std: "docker" "start" "-a" "83c31c8c5d4ab6ae9e7e6f1ecc102e6b6c3c1f8750c04cac638832c1ed665b2b", kill_on_drop: false }`
[INFO] running `Command { std: "docker" "inspect" "83c31c8c5d4ab6ae9e7e6f1ecc102e6b6c3c1f8750c04cac638832c1ed665b2b", kill_on_drop: false }`
[INFO] running `Command { std: "docker" "rm" "-f" "83c31c8c5d4ab6ae9e7e6f1ecc102e6b6c3c1f8750c04cac638832c1ed665b2b", kill_on_drop: false }`
[INFO] [stdout] 83c31c8c5d4ab6ae9e7e6f1ecc102e6b6c3c1f8750c04cac638832c1ed665b2b
[INFO] running `Command { std: "docker" "create" "-v" "/var/lib/crater-agent-workspace/builds/worker-11/target:/opt/rustwide/target:rw,Z" "-v" "/var/lib/crater-agent-workspace/builds/worker-11/source:/opt/rustwide/workdir:ro,Z" "-v" "/var/lib/crater-agent-workspace/cargo-home:/opt/rustwide/cargo-home:ro,Z" "-v" "/var/lib/crater-agent-workspace/rustup-home:/opt/rustwide/rustup-home:ro,Z" "-e" "SOURCE_DIR=/opt/rustwide/workdir" "-e" "CARGO_TARGET_DIR=/opt/rustwide/target" "-e" "CARGO_INCREMENTAL=0" "-e" "RUST_BACKTRACE=full" "-e" "RUSTFLAGS=--cap-lints=forbid" "-e" "CARGO_HOME=/opt/rustwide/cargo-home" "-e" "RUSTUP_HOME=/opt/rustwide/rustup-home" "-w" "/opt/rustwide/workdir" "-m" "1610612736" "--user" "0:0" "--network" "none" "rustops/crates-build-env@sha256:a636fd89d022f18117e1dc8fb37a0a009933cdbbe082814857f0e2024962d47c" "/opt/rustwide/cargo-home/bin/cargo" "+cfbc6d4cf1acbac5c025acf8ed68929caa551df3" "check" "--frozen" "--all" "--all-targets" "--message-format=json", kill_on_drop: false }`
[INFO] [stdout] 1b4b8349e9dd5d653b8ff10ebce38f488257e5c8597ff47ffa4f620c127a8681
[INFO] [stderr] WARNING: Your kernel does not support swap limit capabilities or the cgroup is not mounted. Memory limited without swap.
[INFO] running `Command { std: "docker" "start" "-a" "1b4b8349e9dd5d653b8ff10ebce38f488257e5c8597ff47ffa4f620c127a8681", kill_on_drop: false }`
[INFO] [stderr]    Compiling cc v1.0.25
[INFO] [stderr]     Checking rand_core v0.3.0
[INFO] [stderr]     Checking futures v0.1.25
[INFO] [stderr]     Checking void v1.0.2
[INFO] [stderr]     Checking stable_deref_trait v1.1.1
[INFO] [stderr]    Compiling proc-macro2 v0.4.24
[INFO] [stderr]     Checking lazycell v1.2.1
[INFO] [stderr]     Checking encoding_index_tests v0.1.4
[INFO] [stderr]    Compiling serde v1.0.81
[INFO] [stderr]    Compiling heapsize v0.4.2
[INFO] [stderr]     Checking itoa v0.4.3
[INFO] [stderr]    Compiling num-integer v0.1.39
[INFO] [stderr]    Compiling ryu v0.2.7
[INFO] [stderr]    Compiling failure_derive v0.1.3
[INFO] [stderr]     Checking foreign-types-shared v0.1.1
[INFO] [stderr]    Compiling num-bigint v0.2.1
[INFO] [stderr]    Compiling native-tls v0.2.2
[INFO] [stderr]     Checking string v0.1.2
[INFO] [stderr]     Checking openssl-probe v0.1.2
[INFO] [stderr]    Compiling crc32fast v1.1.2
[INFO] [stderr]     Checking arc-swap v0.3.6
[INFO] [stderr]     Checking quick-error v1.2.2
[INFO] [stderr]    Compiling regex v1.1.0
[INFO] [stderr]     Checking sha1 v0.6.0
[INFO] [stderr]     Checking ucd-util v0.1.3
[INFO] [stderr]    Compiling gcc v0.3.55
[INFO] [stderr]     Checking dtoa v0.4.3
[INFO] [stderr]    Compiling encoding_rs v0.8.13
[INFO] [stderr]     Checking bit-vec v0.4.4
[INFO] [stderr]     Checking utf8-ranges v1.0.2
[INFO] [stderr]     Checking constant_time_eq v0.1.3
[INFO] [stderr]     Checking slab v0.3.0
[INFO] [stderr]     Checking askama_escape v0.1.0
[INFO] [stderr]     Checking rustc-serialize v0.3.24
[INFO] [stderr]     Checking hex v0.3.2
[INFO] [stderr]     Checking crossbeam-utils v0.6.1
[INFO] [stderr]     Checking net2 v0.2.33
[INFO] [stderr]     Checking socket2 v0.3.8
[INFO] [stderr]     Checking base64 v0.10.0
[INFO] [stderr]     Checking arrayvec v0.4.7
[INFO] [stderr]    Compiling unicase v2.2.0
[INFO] [stderr]    Compiling memchr v2.1.1
[INFO] [stderr]     Checking thread_local v0.3.6
[INFO] [stderr]    Compiling actix-web v0.7.15
[INFO] [stderr]     Checking foreign-types v0.3.2
[INFO] [stderr]     Checking encoding-index-singlebyte v1.20141219.5
[INFO] [stderr]     Checking encoding-index-simpchinese v1.20141219.5
[INFO] [stderr]     Checking encoding-index-japanese v1.20141219.5
[INFO] [stderr]     Checking encoding-index-tradchinese v1.20141219.5
[INFO] [stderr]     Checking encoding-index-korean v1.20141219.5
[INFO] [stderr]     Checking unreachable v1.0.0
[INFO] [stderr]     Checking base64 v0.9.3
[INFO] [stderr]     Checking owning_ref v0.4.0
[INFO] [stderr]     Checking rand_core v0.2.2
[INFO] [stderr]     Checking rand_isaac v0.1.1
[INFO] [stderr]     Checking rand_xorshift v0.1.0
[INFO] [stderr]     Checking rand_hc v0.1.0
[INFO] [stderr]     Checking signal-hook v0.1.6
[INFO] [stderr]     Checking regex-syntax v0.6.4
[INFO] [stderr]     Checking bytes v0.4.11
[INFO] [stderr]     Checking resolv-conf v0.6.1
[INFO] [stderr]     Checking pbr v1.0.1
[INFO] [stderr]     Checking idna v0.1.5
[INFO] [stderr]    Compiling num-traits v0.2.6
[INFO] [stderr]     Checking mio v0.6.16
[INFO] [stderr]     Checking smallvec v0.6.7
[INFO] [stderr]     Checking rand v0.5.5
[INFO] [stderr]     Checking crossbeam-epoch v0.6.1
[INFO] [stderr]     Checking crossbeam-epoch v0.3.1
[INFO] [stderr]     Checking blake2-rfc v0.2.18 (https://github.com/gtank/blake2-rfc?rev=7a5b5fc99ae483a0043db7547fb79a6fa44b88a9#7a5b5fc9)
[INFO] [stderr]     Checking lock_api v0.1.5
[INFO] [stderr]    Compiling parking_lot_core v0.3.1
[INFO] [stderr]    Compiling rand_chacha v0.1.0
[INFO] [stderr]    Compiling rand v0.6.1
[INFO] [stderr]    Compiling parking_lot_core v0.4.0
[INFO] [stderr]     Checking unicase v1.4.2
[INFO] [stderr]     Checking encoding v0.2.33
[INFO] [stderr]     Checking tokio-executor v0.1.5
[INFO] [stderr]     Checking futures-cpupool v0.1.8
[INFO] [stderr]     Checking want v0.0.6
[INFO] [stderr]     Checking tower-service v0.1.0
[INFO] [stderr]     Checking tokio-timer v0.1.2
[INFO] [stderr]     Checking crossbeam-deque v0.2.0
[INFO] [stderr]     Checking crossbeam-deque v0.6.2
[INFO] [stderr]     Checking tokio-io v0.1.10
[INFO] [stderr]     Checking http v0.1.14
[INFO] [stderr]     Checking mio-uds v0.6.7
[INFO] [stderr]    Compiling rust-crypto v0.2.36
[INFO] [stderr]    Compiling phf_shared v0.7.23
[INFO] [stderr]     Checking libflate v0.1.19
[INFO] [stderr]     Checking digest v0.7.6
[INFO] [stderr]    Compiling quote v0.6.10
[INFO] [stderr]     Checking fixed-hash v0.2.5
[INFO] [stderr]     Checking uint v0.4.1
[INFO] [stderr]     Checking elastic-array v0.10.0
[INFO] [stderr]     Checking tokio-timer v0.2.8
[INFO] [stderr]     Checking tokio-current-thread v0.1.4
[INFO] [stderr]     Checking mime v0.3.12
[INFO] [stderr]     Checking rand_pcg v0.1.1
[INFO] [stderr]    Compiling backtrace-sys v0.1.24
[INFO] [stderr]    Compiling openssl-sys v0.9.39
[INFO] [stderr]    Compiling ring v0.13.5
[INFO] [stderr]    Compiling miniz-sys v0.1.11
[INFO] [stderr]    Compiling brotli-sys v0.3.2
[INFO] [stderr]    Compiling secp256k1 v0.11.5
[INFO] [stderr]     Checking aho-corasick v0.6.9
[INFO] [stderr]     Checking uuid v0.7.1
[INFO] [stderr]     Checking rayon-core v1.4.1
[INFO] [stderr]    Compiling phf_generator v0.7.23
[INFO] [stderr]     Checking phf v0.7.23
[INFO] [stderr]     Checking url v1.7.2
[INFO] [stderr]    Compiling syn v0.15.22
[INFO] [stderr]    Compiling syn v0.14.9
[INFO] [stderr]     Checking tokio-codec v0.1.1
[INFO] [stderr]    Compiling phf_codegen v0.7.23
[INFO] [stderr]     Checking parking_lot v0.6.4
[INFO] [stderr]     Checking rayon v1.0.3
[INFO] [stderr]    Compiling mime_guess v2.0.0-alpha.6
[INFO] [stderr]    Compiling openssl v0.10.15
[INFO] [stderr]     Checking flate2 v1.0.6
[INFO] [stderr]     Checking hyper v0.10.15
[INFO] [stderr]     Checking tokio-reactor v0.1.7
[INFO] [stderr]     Checking crossbeam-channel v0.3.2
[INFO] [stderr]     Checking backtrace v0.3.9
[INFO] [stderr]     Checking h2 v0.1.14
[INFO] [stderr]     Checking tokio-tcp v0.1.2
[INFO] [stderr]     Checking tokio-udp v0.1.3
[INFO] [stderr]     Checking tokio-uds v0.2.4
[INFO] [stderr]     Checking tokio-signal v0.2.7
[INFO] [stderr]     Checking error-chain v0.12.0
[INFO] [stderr]     Checking crossbeam v0.5.0
[INFO] [stderr]     Checking tokio-threadpool v0.1.9
[INFO] [stderr]     Checking cookie v0.11.0
[INFO] [stderr]     Checking parking_lot v0.7.0
[INFO] [stderr]     Checking ethereum-types-serialize v0.2.1
[INFO] [stderr]     Checking serde_json v1.0.33
[INFO] [stderr]     Checking serde_urlencoded v0.5.4
[INFO] [stderr]     Checking tokio-fs v0.1.4
[INFO] [stderr]     Checking ethbloom v0.5.0
[INFO] [stderr]     Checking tokio v0.1.13
[INFO] [stderr]    Compiling ff_derive v0.3.0
[INFO] [stderr]     Checking ethereum-types v0.4.0
[INFO] [stderr]     Checking tokio-core v0.1.17
[INFO] [stderr]     Checking hyper v0.12.17
[INFO] [stderr]     Checking tokio-uds v0.1.7
[INFO] [stderr]     Checking tokio-tls v0.2.0
[INFO] [stderr]     Checking websocket v0.21.1
[INFO] [stderr]     Checking rlp v0.2.4
[INFO] [stderr]     Checking rlp v0.3.0
[INFO] [stderr]     Checking brotli2 v0.3.2
[INFO] [stderr]    Compiling synstructure v0.10.1
[INFO] [stderr]     Checking hyper-tls v0.3.1
[INFO] [stderr]     Checking reqwest v0.9.5
[INFO] [stderr]     Checking ff v0.4.0
[INFO] [stderr]     Checking pairing v0.15.0 (https://github.com/matterinc/pairing#1363d021)
[INFO] [stderr]    Compiling serde_derive v1.0.81
[INFO] [stderr]    Compiling actix_derive v0.3.2
[INFO] [stderr]     Checking bellman v0.1.1 (https://github.com/matterinc/bellman#e544678a)
[INFO] [stderr]     Checking failure v0.1.3
[INFO] [stderr]     Checking trust-dns-proto v0.5.0
[INFO] [stderr]     Checking sapling-crypto v0.0.2 (https://github.com/matterinc/sapling-crypto#97b0b901)
[INFO] [stderr]     Checking trust-dns-resolver v0.10.0
[INFO] [stderr]     Checking actix v0.7.8
[INFO] [stderr]     Checking actix-net v0.2.4
[INFO] [stderr]     Checking ethabi v6.1.0
[INFO] [stderr]     Checking jsonrpc-core v8.0.1
[INFO] [stderr]     Checking ethereum-tx-sign v0.0.2
[INFO] [stderr]     Checking web3 v0.5.1 (https://github.com/tomusdrw/rust-web3#8a2cfff9)
[INFO] [stderr]     Checking plasma v0.1.0 (/opt/rustwide/workdir)
[INFO] [stdout] warning: trait objects without an explicit `dyn` are deprecated
[INFO] [stdout]   --> src/server/baby_prover.rs:92:35
[INFO] [stdout]    |
[INFO] [stdout] 92 |     pub fn create(initial_state: &State<Bn256>) ->
[INFO] [stdout]    |                                   ^^^^^^^^^^^^ help: use `dyn`: `dyn State<Bn256>`
[INFO] [stdout]    |
[INFO] [stdout]    = note: `#[warn(bare_trait_objects)]` on by default
[INFO] [stdout] 
[INFO] [stdout] 
[INFO] [stdout] warning: trait objects without an explicit `dyn` are deprecated
[INFO] [stdout]   --> src/server/account_manager/rest_api.rs:24:19
[INFO] [stdout]    |
[INFO] [stdout] 24 | type BoxFut = Box<Future<Item = Response<Body>, Error = hyper::Error> + Send>;
[INFO] [stdout]    |                   ^^^^^^^^^^^^^^^^^^^^^^^^^^^^^^^^^^^^^^^^^^^^^^^^^^^^^^^^^^ help: use `dyn`: `dyn Future<Item = Response<Body>, Error = hyper::Error> + Send`
[INFO] [stdout] 
[INFO] [stdout] 
[INFO] [stdout] warning: trait objects without an explicit `dyn` are deprecated
[INFO] [stdout]   --> src/server/eth/mod.rs:22:45
[INFO] [stdout]    |
[INFO] [stdout] 22 | type Result<T> = std::result::Result<T, Box<std::error::Error>>;
[INFO] [stdout]    |                                             ^^^^^^^^^^^^^^^^^ help: use `dyn`: `dyn std::error::Error`
[INFO] [stdout] 
[INFO] [stdout] 
[INFO] [stdout] warning: trait objects without an explicit `dyn` are deprecated
[INFO] [stdout]   --> src/server/demo_server/rest_api.rs:74:57
[INFO] [stdout]    |
[INFO] [stdout] 74 | fn send_transaction(req: &HttpRequest<AppState>) -> Box<Future<Item = HttpResponse, Error = Error>> {
[INFO] [stdout]    |                                                         ^^^^^^^^^^^^^^^^^^^^^^^^^^^^^^^^^^^^^^^^^^ help: use `dyn`: `dyn Future<Item = HttpResponse, Error = Error>`
[INFO] [stdout] 
[INFO] [stdout] 
[INFO] [stdout] warning: trait objects without an explicit `dyn` are deprecated
[INFO] [stdout]   --> src/server/baby_prover.rs:92:35
[INFO] [stdout]    |
[INFO] [stdout] 92 |     pub fn create(initial_state: &State<Bn256>) ->
[INFO] [stdout]    |                                   ^^^^^^^^^^^^ help: use `dyn`: `dyn State<Bn256>`
[INFO] [stdout]    |
[INFO] [stdout]    = note: `#[warn(bare_trait_objects)]` on by default
[INFO] [stdout] 
[INFO] [stdout] 
[INFO] [stdout] warning: trait objects without an explicit `dyn` are deprecated
[INFO] [stdout]   --> src/server/account_manager/rest_api.rs:24:19
[INFO] [stdout]    |
[INFO] [stdout] 24 | type BoxFut = Box<Future<Item = Response<Body>, Error = hyper::Error> + Send>;
[INFO] [stdout]    |                   ^^^^^^^^^^^^^^^^^^^^^^^^^^^^^^^^^^^^^^^^^^^^^^^^^^^^^^^^^^ help: use `dyn`: `dyn Future<Item = Response<Body>, Error = hyper::Error> + Send`
[INFO] [stdout] 
[INFO] [stdout] 
[INFO] [stdout] warning: trait objects without an explicit `dyn` are deprecated
[INFO] [stdout]   --> src/server/eth/mod.rs:22:45
[INFO] [stdout]    |
[INFO] [stdout] 22 | type Result<T> = std::result::Result<T, Box<std::error::Error>>;
[INFO] [stdout]    |                                             ^^^^^^^^^^^^^^^^^ help: use `dyn`: `dyn std::error::Error`
[INFO] [stdout] 
[INFO] [stdout] 
[INFO] [stdout] warning: trait objects without an explicit `dyn` are deprecated
[INFO] [stdout]   --> src/server/demo_server/rest_api.rs:74:57
[INFO] [stdout]    |
[INFO] [stdout] 74 | fn send_transaction(req: &HttpRequest<AppState>) -> Box<Future<Item = HttpResponse, Error = Error>> {
[INFO] [stdout]    |                                                         ^^^^^^^^^^^^^^^^^^^^^^^^^^^^^^^^^^^^^^^^^^ help: use `dyn`: `dyn Future<Item = HttpResponse, Error = Error>`
[INFO] [stdout] 
[INFO] [stdout] 
[INFO] [stdout] warning: use of deprecated item 'std::error::Error::description': use the Display impl or to_string()
[INFO] [stdout]   --> src/server/baby_prover.rs:55:34
[INFO] [stdout]    |
[INFO] [stdout] 55 |             write!(f, "{}", self.description())
[INFO] [stdout]    |                                  ^^^^^^^^^^^
[INFO] [stdout]    |
[INFO] [stdout]    = note: `#[warn(deprecated)]` on by default
[INFO] [stdout] 
[INFO] [stdout] 
[INFO] [stdout] warning: variable does not need to be mutable
[INFO] [stdout]    --> src/server/baby_prover.rs:245:17
[INFO] [stdout]     |
[INFO] [stdout] 245 |             let mut tree = & mut self.accounts_tree;
[INFO] [stdout]     |                 ----^^^^
[INFO] [stdout]     |                 |
[INFO] [stdout]     |                 help: remove this `mut`
[INFO] [stdout]     |
[INFO] [stdout]     = note: `#[warn(unused_mut)]` on by default
[INFO] [stdout] 
[INFO] [stdout] 
[INFO] [stdout] warning: variable does not need to be mutable
[INFO] [stdout]    --> src/server/baby_prover.rs:246:17
[INFO] [stdout]     |
[INFO] [stdout] 246 |             let mut items = tree.items.clone();
[INFO] [stdout]     |                 ----^^^^^
[INFO] [stdout]     |                 |
[INFO] [stdout]     |                 help: remove this `mut`
[INFO] [stdout] 
[INFO] [stdout] 
[INFO] [stdout] warning: variable does not need to be mutable
[INFO] [stdout]    --> src/server/baby_prover.rs:290:17
[INFO] [stdout]     |
[INFO] [stdout] 290 |             let mut transaction : Transaction<Bn256> = Transaction {
[INFO] [stdout]     |                 ----^^^^^^^^^^^
[INFO] [stdout]     |                 |
[INFO] [stdout]     |                 help: remove this `mut`
[INFO] [stdout] 
[INFO] [stdout] 
[INFO] [stdout] warning: use of deprecated item 'std::error::Error::description': use the Display impl or to_string()
[INFO] [stdout]   --> src/server/baby_prover.rs:55:34
[INFO] [stdout]    |
[INFO] [stdout] 55 |             write!(f, "{}", self.description())
[INFO] [stdout]    |                                  ^^^^^^^^^^^
[INFO] [stdout]    |
[INFO] [stdout]    = note: `#[warn(deprecated)]` on by default
[INFO] [stdout] 
[INFO] [stdout] 
[INFO] [stdout] warning: this method call currently resolves to `<&[T; N] as IntoIterator>::into_iter` (due to autoref coercions), but that might change in the future when `IntoIterator` impls for arrays are added.
[INFO] [stdout]   --> src/server/eth/signer.rs:73:22
[INFO] [stdout]    |
[INFO] [stdout] 73 |     keccak256(bytes).into_iter().cloned().collect()
[INFO] [stdout]    |                      ^^^^^^^^^ help: use `.iter()` instead of `.into_iter()` to avoid ambiguity: `iter`
[INFO] [stdout]    |
[INFO] [stdout]    = note: `#[warn(array_into_iter)]` on by default
[INFO] [stdout]    = warning: this was previously accepted by the compiler but is being phased out; it will become a hard error in a future release!
[INFO] [stdout]    = note: for more information, see issue #66145 <https://github.com/rust-lang/rust/issues/66145>
[INFO] [stdout] 
[INFO] [stdout] 
[INFO] [stdout] warning: 9 warnings emitted
[INFO] [stdout] 
[INFO] [stdout] 
[INFO] [stdout] warning: variable does not need to be mutable
[INFO] [stdout]    --> src/server/baby_prover.rs:245:17
[INFO] [stdout]     |
[INFO] [stdout] 245 |             let mut tree = & mut self.accounts_tree;
[INFO] [stdout]     |                 ----^^^^
[INFO] [stdout]     |                 |
[INFO] [stdout]     |                 help: remove this `mut`
[INFO] [stdout]     |
[INFO] [stdout]     = note: `#[warn(unused_mut)]` on by default
[INFO] [stdout] 
[INFO] [stdout] 
[INFO] [stdout] warning: variable does not need to be mutable
[INFO] [stdout]    --> src/server/baby_prover.rs:246:17
[INFO] [stdout]     |
[INFO] [stdout] 246 |             let mut items = tree.items.clone();
[INFO] [stdout]     |                 ----^^^^^
[INFO] [stdout]     |                 |
[INFO] [stdout]     |                 help: remove this `mut`
[INFO] [stdout] 
[INFO] [stdout] 
[INFO] [stdout] warning: variable does not need to be mutable
[INFO] [stdout]    --> src/server/baby_prover.rs:290:17
[INFO] [stdout]     |
[INFO] [stdout] 290 |             let mut transaction : Transaction<Bn256> = Transaction {
[INFO] [stdout]     |                 ----^^^^^^^^^^^
[INFO] [stdout]     |                 |
[INFO] [stdout]     |                 help: remove this `mut`
[INFO] [stdout] 
[INFO] [stdout] 
[INFO] [stdout] error[E0596]: cannot borrow `client` as mutable, as it is not declared as mutable
[INFO] [stdout]    --> src/server/eth/mod.rs:213:13
[INFO] [stdout]     |
[INFO] [stdout] 203 |     let client = ETHClient::new(TEST_PLASMA_ALWAYS_VERIFY);
[INFO] [stdout]     |         ------ help: consider changing this to be mutable: `mut client`
[INFO] [stdout] ...
[INFO] [stdout] 213 |     let r = client.commit_block(block_num, total_fees, tx_data_packed, new_root);
[INFO] [stdout]     |             ^^^^^^ cannot borrow as mutable
[INFO] [stdout] 
[INFO] [stdout] 
[INFO] [stdout] error[E0596]: cannot borrow `client` as mutable, as it is not declared as mutable
[INFO] [stdout]    --> src/server/eth/mod.rs:220:13
[INFO] [stdout]     |
[INFO] [stdout] 203 |     let client = ETHClient::new(TEST_PLASMA_ALWAYS_VERIFY);
[INFO] [stdout]     |         ------ help: consider changing this to be mutable: `mut client`
[INFO] [stdout] ...
[INFO] [stdout] 220 |     let r = client.verify_block(block_num, proof);
[INFO] [stdout]     |             ^^^^^^ cannot borrow as mutable
[INFO] [stdout] 
[INFO] [stdout] 
[INFO] [stdout] error[E0554]: `#![feature]` may not be used on the beta release channel
[INFO] [stdout]  --> benches/bench_balance_tree_update.rs:1:1
[INFO] [stdout]   |
[INFO] [stdout] 1 | #![feature(test)]
[INFO] [stdout]   | ^^^^^^^^^^^^^^^^^
[INFO] [stdout] 
[INFO] [stdout] 
[INFO] [stdout] error: aborting due to 2 previous errors; 8 warnings emitted
[INFO] [stdout] 
[INFO] [stdout] 
[INFO] [stdout] For more information about this error, try `rustc --explain E0596`.
[INFO] [stdout] 
[INFO] [stderr] error: could not compile `plasma`.
[INFO] [stderr] 
[INFO] [stderr] To learn more, run the command again with --verbose.
[INFO] [stderr] warning: build failed, waiting for other jobs to finish...
[INFO] [stdout] error: aborting due to previous error
[INFO] [stdout] 
[INFO] [stdout] 
[INFO] [stdout] For more information about this error, try `rustc --explain E0554`.
[INFO] [stdout] 
[INFO] [stdout] warning: variable does not need to be mutable
[INFO] [stdout]    --> src/bin/prove_128_txes.rs:140:13
[INFO] [stdout]     |
[INFO] [stdout] 140 |         let mut items = tree.items.clone();
[INFO] [stdout]     |             ----^^^^^
[INFO] [stdout]     |             |
[INFO] [stdout]     |             help: remove this `mut`
[INFO] [stdout]     |
[INFO] [stdout]     = note: `#[warn(unused_mut)]` on by default
[INFO] [stdout] 
[INFO] [stdout] 
[INFO] [stdout] warning: 1 warning emitted
[INFO] [stdout] 
[INFO] [stdout] 
[INFO] [stdout] warning: unused import: `Engine`
[INFO] [stdout]   --> src/bin/test_prepared_prover.rs:15:15
[INFO] [stdout]    |
[INFO] [stdout] 15 | use pairing::{Engine};
[INFO] [stdout]    |               ^^^^^^
[INFO] [stdout]    |
[INFO] [stdout]    = note: `#[warn(unused_imports)]` on by default
[INFO] [stdout] 
[INFO] [stdout] 
[INFO] [stdout] warning: unused import: `Engine`
[INFO] [stdout]   --> src/bin/test_prepared_prover.rs:15:15
[INFO] [stdout]    |
[INFO] [stdout] 15 | use pairing::{Engine};
[INFO] [stdout]    |               ^^^^^^
[INFO] [stdout]    |
[INFO] [stdout]    = note: `#[warn(unused_imports)]` on by default
[INFO] [stdout] 
[INFO] [stdout] 
[INFO] [stdout] warning: variable does not need to be mutable
[INFO] [stdout]    --> src/bin/read_write_keys.rs:148:13
[INFO] [stdout]     |
[INFO] [stdout] 148 |         let mut items = tree.items.clone();
[INFO] [stdout]     |             ----^^^^^
[INFO] [stdout]     |             |
[INFO] [stdout]     |             help: remove this `mut`
[INFO] [stdout]     |
[INFO] [stdout]     = note: `#[warn(unused_mut)]` on by default
[INFO] [stdout] 
[INFO] [stdout] 
[INFO] [stdout] warning: 1 warning emitted
[INFO] [stdout] 
[INFO] [stdout] 
[INFO] [stdout] warning: variable does not need to be mutable
[INFO] [stdout]    --> src/bin/read_write_keys.rs:148:13
[INFO] [stdout]     |
[INFO] [stdout] 148 |         let mut items = tree.items.clone();
[INFO] [stdout]     |             ----^^^^^
[INFO] [stdout]     |             |
[INFO] [stdout]     |             help: remove this `mut`
[INFO] [stdout]     |
[INFO] [stdout]     = note: `#[warn(unused_mut)]` on by default
[INFO] [stdout] 
[INFO] [stdout] 
[INFO] [stdout] warning: 1 warning emitted
[INFO] [stdout] 
[INFO] [stdout] 
[INFO] [stdout] warning: variable does not need to be mutable
[INFO] [stdout]    --> src/bin/test_prepared_prover.rs:146:13
[INFO] [stdout]     |
[INFO] [stdout] 146 |         let mut items = tree.items.clone();
[INFO] [stdout]     |             ----^^^^^
[INFO] [stdout]     |             |
[INFO] [stdout]     |             help: remove this `mut`
[INFO] [stdout]     |
[INFO] [stdout]     = note: `#[warn(unused_mut)]` on by default
[INFO] [stdout] 
[INFO] [stdout] 
[INFO] [stdout] warning: 2 warnings emitted
[INFO] [stdout] 
[INFO] [stdout] 
[INFO] [stdout] warning: variable does not need to be mutable
[INFO] [stdout]    --> src/bin/prove_128_txes.rs:140:13
[INFO] [stdout]     |
[INFO] [stdout] 140 |         let mut items = tree.items.clone();
[INFO] [stdout]     |             ----^^^^^
[INFO] [stdout]     |             |
[INFO] [stdout]     |             help: remove this `mut`
[INFO] [stdout]     |
[INFO] [stdout]     = note: `#[warn(unused_mut)]` on by default
[INFO] [stdout] 
[INFO] [stdout] 
[INFO] [stdout] warning: variable does not need to be mutable
[INFO] [stdout]    --> src/bin/test_prepared_prover.rs:146:13
[INFO] [stdout]     |
[INFO] [stdout] 146 |         let mut items = tree.items.clone();
[INFO] [stdout]     |             ----^^^^^
[INFO] [stdout]     |             |
[INFO] [stdout]     |             help: remove this `mut`
[INFO] [stdout]     |
[INFO] [stdout]     = note: `#[warn(unused_mut)]` on by default
[INFO] [stdout] 
[INFO] [stdout] 
[INFO] [stdout] warning: 1 warning emitted
[INFO] [stdout] 
[INFO] [stdout] 
[INFO] [stdout] warning: 2 warnings emitted
[INFO] [stdout] 
[INFO] [stdout] 
[INFO] [stderr] error: build failed
[INFO] running `Command { std: "docker" "inspect" "1b4b8349e9dd5d653b8ff10ebce38f488257e5c8597ff47ffa4f620c127a8681", kill_on_drop: false }`
[INFO] running `Command { std: "docker" "rm" "-f" "1b4b8349e9dd5d653b8ff10ebce38f488257e5c8597ff47ffa4f620c127a8681", kill_on_drop: false }`
[INFO] [stdout] 1b4b8349e9dd5d653b8ff10ebce38f488257e5c8597ff47ffa4f620c127a8681
